s of 127380618.
2, 3, 7076701
List the prime factors of 107177295.
3, 5, 7145153
What are the prime factors of 4253180863?
353, 571, 21101
What are the prime factors of 347541513?
3, 11, 10531561
What are the prime factors of 47394931?
191, 248141
What are the prime factors of 264741030?
2, 3, 5, 2941567
What are the prime factors of 71165658?
2, 3, 67, 211, 839
What are the prime factors of 578907726?
2, 3, 151, 638971
List the prime factors of 1413862980.
2, 3, 5, 53, 109, 4079
List the prime factors of 1538004259.
11, 41, 310019
List the prime factors of 9927501235.
5, 19, 104500013
List the prime factors of 30092287.
53, 567779
What are the prime factors of 2593986162?
2, 3, 757, 571111
List the prime factors of 73093799.
61, 1198259
List the prime factors of 1349197456.
2, 84324841
List the prime factors of 478354468.
2, 53, 2256389
List the prime factors of 1484269579.
13, 114174583
What are the prime factors of 1714847634?
2, 3, 1913, 49801
List the prime factors of 952856124.
2, 3, 11, 656237
What are the prime factors of 501346854?
2, 3, 9284201
What are the prime factors of 1444820262?
2, 3, 617, 390281
List the prime factors of 146198469.
3, 373, 130651
What are the prime factors of 2670137308?
2, 157, 281, 15131
What are the prime factors of 309095531?
1783, 173357
List the prime factors of 166938263.
166938263
What are the prime factors of 6069818?
2, 3034909
List the prime factors of 2823474037.
7793, 362309
What are the prime factors of 1157338800?
2, 3, 5, 101, 1061
List the prime factors of 142019656.
2, 1801, 9857
List the prime factors of 915899666.
2, 11, 41631803
List the prime factors of 212105740.
2, 5, 7, 11, 19, 659
List the prime factors of 354603584.
2, 991, 5591
List the prime factors of 1788257443.
7, 255465349
What are the prime factors of 54075217?
7, 7725031
What are the prime factors of 2865307011?
3, 7, 79, 1727129
What are the prime factors of 1234531210?
2, 5, 11, 23, 83, 5879
List the prime factors of 19939749.
3, 197, 33739
What are the prime factors of 121759127?
7, 677, 25693
List the prime factors of 42767264.
2, 37, 41, 881
What are the prime factors of 290691422?
2, 7, 1297, 2287
List the prime factors of 312201581.
97, 251, 12823
What are the prime factors of 7040480676?
2, 3, 61, 599, 16057
What are the prime factors of 3018595190?
2, 5, 13, 107, 16693
List the prime factors of 113287022.
2, 103, 549937
List the prime factors of 2829884727.
3, 37, 103, 247519
List the prime factors of 6104107.
1873, 3259
List the prime factors of 260765696.
2, 157, 811
What are the prime factors of 4559730195?
3, 5, 303982013
List the prime factors of 9516909.
3, 3172303
What are the prime factors of 4884364077?
3, 1628121359
List the prime factors of 194907987.
3, 83, 260921
List the prime factors of 472624318.
2, 8581, 27539
What are the prime factors of 5779729925?
5, 231189197
List the prime factors of 1702141623.
3, 7, 13, 2078317
List the prime factors of 4173456565.
5, 17, 211, 232699
What are the prime factors of 670606673?
11, 60964243
List the prime factors of 758338346.
2, 17, 22304069
List the prime factors of 186546782.
2, 349, 267259
List the prime factors of 49501622.
2, 47, 61, 89, 97
What are the prime factors of 1623791454?
2, 3, 270631909
List the prime factors of 1056559582.
2, 13, 67, 606521
What are the prime factors of 3778876390?
2, 5, 73, 5176543
List the prime factors of 235698505.
5, 7, 103, 65381
List the prime factors of 48251832.
2, 3, 73, 27541
What are the prime factors of 87524119?
87524119
List the prime factors of 1381249080.
2, 3, 5, 19, 201937
List the prime factors of 229026143.
709, 323027
What are the prime factors of 47960851?
47960851
List the prime factors of 1057585549.
1057585549
What are the prime factors of 1611941435?
5, 13, 1907623
List the prime factors of 5135198733.
3, 7, 81511091
What are the prime factors of 162061901?
17, 9533053
List the prime factors of 2823769784.
2, 11, 32088293
What are the prime factors of 412133486?
2, 206066743
What are the prime factors of 171371856?
2, 3, 43, 79, 1051
List the prime factors of 30811585.
5, 7, 880331
What are the prime factors of 3305806223?
3305806223
List the prime factors of 168507272.
2, 491, 42899
What are the prime factors of 1114955954?
2, 7, 983, 81017
What are the prime factors of 1419714998?
2, 13, 19, 31, 92707
List the prime factors of 34158527.
13, 907, 2897
What are the prime factors of 385215633?
3, 11, 19, 204793
What are the prime factors of 58342884?
2, 3, 4861907
List the prime factors of 3325495.
5, 127, 5237
What are the prime factors of 135459085?
5, 27091817
List the prime factors of 65302974.
2, 3, 11, 29983
What are the prime factors of 84633360?
2, 3, 5, 7, 50377
List the prime factors of 1386078655.
5, 13, 21324287
What are the prime factors of 266243869?
266243869
What are the prime factors of 37783554?
2, 3, 17, 370427
What are the prime factors of 141647838?
2, 3, 547, 43159
What are the prime factors of 20759662?
2, 7, 11, 23, 5861
What are the prime factors of 130795305?
3, 5, 1847, 4721
List the prime factors of 86553293.
53, 1633081
What are the prime factors of 98191692?
2, 3, 23, 118589
What are the prime factors of 2854694620?
2, 5, 142734731
List the prime factors of 1069165872.
2, 3, 19, 130259
What are the prime factors of 10491047?
7, 251, 853
What are the prime factors of 234667188?
2, 3, 7, 29, 163, 197
What are the prime factors of 1607315995?
5, 11399, 28201
What are the prime factors of 103464689?
41, 2523529
List the prime factors of 175394069.
71, 2470339
What are the prime factors of 67988253?
3, 17, 23, 149, 389
What are the prime factors of 113958092?
2, 89, 320107
List the prime factors of 57255613.
37, 1547449
What are the prime factors of 232048514?
2, 61, 1902037
What are the prime factors of 3848632706?
2, 1627, 1182739
List the prime factors of 50760070.
2, 5, 257, 19751
List the prime factors of 228811055.
5, 11, 151, 27551
List the prime factors of 289193475.
3, 5, 3855913
List the prime factors of 209197600.
2, 5, 19, 13763
List the prime factors of 1302134966.
2, 11, 5380723
List the prime factors of 620198868.
2, 3, 229, 269, 839
What are the prime factors of 506291603?
17, 29781859
List the prime factors of 30440366.
2, 11, 1383653
What are the prime factors of 440491133?
440491133
List the prime factors of 3455977173.
3, 11, 104726581
What are the prime factors of 25529771?
31, 823541
List the prime factors of 227047804.
2, 401, 141551
List the prime factors of 378396829.
17, 1931, 11527
What are the prime factors of 374374414?
2, 31, 6038297
What are the prime factors of 3318470768?
2, 53, 457, 8563
List the prime factors of 2097531347.
2097531347
List the prime factors of 785224911.
3, 47, 5568971
What are the prime factors of 1244905160?
2, 5, 31122629
What are the prime factors of 1265932625?
5, 17, 595733
What are the prime factors of 69680803?
137, 508619
What are the prime factors of 24139911?
3, 8046637
What are the prime factors of 414798837?
3, 241, 573719
What are the prime factors of 463979702?
2, 53, 4377167
What are the prime factors of 764527913?
1699, 449987
List the prime factors of 225464178.
2, 3, 31, 1212173
What are the prime factors of 2832919729?
17, 23, 83, 87293
What are the prime factors of 11177801?
11177801
List the prime factors of 923947605.
3, 5, 7, 23, 127529
What are the prime factors of 168968473?
991, 170503
List the prime factors of 3352054532.
2, 838013633
List the prime factors of 2782525.
5, 111301
List the prime factors of 84540625.
5, 13, 2081
What are the prime factors of 4483712140?
2, 5, 127, 787, 2243
What are the prime factors of 800621284?
2, 200155321
What are the prime factors of 526577415?
3, 5, 7, 13, 385771
What are the prime factors of 23617478?
2, 11808739
What are the prime factors of 6892737?
3, 211, 10889
List the prime factors of 291638619.
3, 19, 47, 131, 277
List the prime factors of 187578436.
2, 6091, 7699
List the prime factors of 137681626.
2, 68840813
List the prime factors of 46816914.
2, 3, 23, 37, 53, 173
What are the prime factors of 223024803?
3, 74341601
List the prime factors of 943430445.
3, 5, 23, 911527
List the prime factors of 182409635.
5, 2711, 13457
List the prime factors o